{"id":433,"date":"2026-02-03T18:14:44","date_gmt":"2026-02-03T17:14:44","guid":{"rendered":"https:\/\/cite-papier-rives.org\/?page_id=433"},"modified":"2026-02-03T18:18:47","modified_gmt":"2026-02-03T17:18:47","slug":"jadhere","status":"publish","type":"page","link":"https:\/\/cite-papier-rives.org\/index.php\/jadhere\/","title":{"rendered":"J&rsquo;adh\u00e8re !"},"content":{"rendered":"\t\t<div data-elementor-type=\"wp-page\" data-elementor-id=\"433\" class=\"elementor elementor-433\" data-elementor-post-type=\"page\">\n\t\t\t\t<div class=\"elementor-element elementor-element-331ba56 e-flex e-con-boxed e-con e-parent\" data-id=\"331ba56\" data-element_type=\"container\">\n\t\t\t\t\t<div class=\"e-con-inner\">\n\t\t\t\t<div class=\"elementor-element elementor-element-c6ead91 elementor-widget elementor-widget-text-editor\" data-id=\"c6ead91\" data-element_type=\"widget\" data-widget_type=\"text-editor.default\">\n\t\t\t\t\t\t\t\t\t<p>En rejoignant notre association, vous soutenez son projet conform\u00e9ment \u00e0 son objet social :<br \/>&#8211; Valoriser et transmettre l\u2019Histoire de l\u2019activit\u00e9 industrielle du papier, du carton, du livre, de l&rsquo;imprimerie jusqu&rsquo;\u00e0 l&rsquo;IA<br \/>&#8211; Cr\u00e9er et g\u00e9rer en lien avec la municipalit\u00e9 de Rives et d&rsquo;autres collectivit\u00e9s, un mus\u00e9e du papier, carton, livre, imprimerie jusqu&rsquo;\u00e0 l&rsquo;IA<\/p><p>Vous pouvez-vous, de plus, nous soutenir financi\u00e8rement par un don.<\/p><p>Merci d&rsquo;avance pour votre soutien !<\/p>\t\t\t\t\t\t\t\t<\/div>\n\t\t\t\t\t<\/div>\n\t\t\t\t<\/div>\n\t\t<div class=\"elementor-element elementor-element-9e1f897 e-grid e-con-boxed e-con e-parent\" data-id=\"9e1f897\" data-element_type=\"container\">\n\t\t\t\t\t<div class=\"e-con-inner\">\n\t\t\t\t<div class=\"elementor-element elementor-element-5a067cc elementor-widget elementor-widget-text-editor\" data-id=\"5a067cc\" data-element_type=\"widget\" data-widget_type=\"text-editor.default\">\n\t\t\t\t\t\t\t\t\t<p>Pour une adh\u00e9sion par courrier postal, merci de remplir le formulaire d&rsquo;adh\u00e9sion ci-contre et de l&rsquo;envoyer \u00e0 l&rsquo;adresse de l&rsquo;association<\/p>\t\t\t\t\t\t\t\t<\/div>\n\t\t\t\t<div class=\"elementor-element elementor-element-d50c316 elementor-widget elementor-widget-button\" data-id=\"d50c316\" data-element_type=\"widget\" data-widget_type=\"button.default\">\n\t\t\t\t\t\t\t\t\t\t<a class=\"elementor-button elementor-button-link elementor-size-sm\" href=\"https:\/\/cite-papier-rives.org\/wp-content\/uploads\/2026\/02\/2026-Formulaire-dadhesion.pdf\">\n\t\t\t\t\t\t<span class=\"elementor-button-content-wrapper\">\n\t\t\t\t\t\t\t\t\t<span class=\"elementor-button-text\">Formulaire<\/span>\n\t\t\t\t\t<\/span>\n\t\t\t\t\t<\/a>\n\t\t\t\t\t\t\t\t<\/div>\n\t\t\t\t\t<\/div>\n\t\t\t\t<\/div>\n\t\t<div class=\"elementor-element elementor-element-3f6598d e-grid e-con-boxed e-con e-parent\" data-id=\"3f6598d\" data-element_type=\"container\">\n\t\t\t\t\t<div class=\"e-con-inner\">\n\t\t\t\t<div class=\"elementor-element elementor-element-47345f0 elementor-widget elementor-widget-text-editor\" data-id=\"47345f0\" data-element_type=\"widget\" data-widget_type=\"text-editor.default\">\n\t\t\t\t\t\t\t\t\t<p>Pour un r\u00e8glement de l&rsquo;adh\u00e9sion par virement, merci de remplir le formulaire et de l&rsquo;envoyer par mail \u00e0 l&rsquo;association<\/p>\t\t\t\t\t\t\t\t<\/div>\n\t\t\t\t<div class=\"elementor-element elementor-element-7dd5dd2 elementor-widget elementor-widget-button\" data-id=\"7dd5dd2\" data-element_type=\"widget\" data-widget_type=\"button.default\">\n\t\t\t\t\t\t\t\t\t\t<a class=\"elementor-button elementor-button-link elementor-size-sm\" href=\"https:\/\/cite-papier-rives.org\/wp-content\/uploads\/2026\/02\/2026-Formulaire-dadhesion.pdf\">\n\t\t\t\t\t\t<span class=\"elementor-button-content-wrapper\">\n\t\t\t\t\t\t\t\t\t<span class=\"elementor-button-text\">Formulaire<\/span>\n\t\t\t\t\t<\/span>\n\t\t\t\t\t<\/a>\n\t\t\t\t\t\t\t\t<\/div>\n\t\t\t\t\t<\/div>\n\t\t\t\t<\/div>\n\t\t<div class=\"elementor-element elementor-element-a42dee1 e-grid e-con-boxed e-con e-parent\" data-id=\"a42dee1\" data-element_type=\"container\">\n\t\t\t\t\t<div class=\"e-con-inner\">\n\t\t\t\t<div class=\"elementor-element elementor-element-c24cba8 elementor-widget elementor-widget-text-editor\" data-id=\"c24cba8\" data-element_type=\"widget\" data-widget_type=\"text-editor.default\">\n\t\t\t\t\t\t\t\t\t<p>Pour un r\u00e8glement par carte bleue, notre partenaire Helloasso est \u00e0 votre disposition, ici :<\/p><p><a href=\"https:\/\/www.helloasso.com\/associations\/pour-une-cite-du-papier-du-livre-a-l-ia\/adhesions\/adhesion-2025-2026-pour-une-cite-du-papier\">https:\/\/www.helloasso.com\/associations\/pour-une-cite-du-papier-du-livre-a-l-ia\/adhesions\/adhesion-2025-2026-pour-une-cite-du-papier<\/a><\/p>\t\t\t\t\t\t\t\t<\/div>\n\t\t\t\t<div class=\"elementor-element elementor-element-e44cae9 elementor-widget elementor-widget-image\" data-id=\"e44cae9\" data-element_type=\"widget\" data-widget_type=\"image.default\">\n\t\t\t\t\t\t\t\t\t\t\t\t\t\t\t<img decoding=\"async\" width=\"150\" height=\"150\" src=\"https:\/\/cite-papier-rives.org\/wp-content\/uploads\/2026\/02\/qrcode-150x150.png\" class=\"attachment-thumbnail size-thumbnail wp-image-440\" alt=\"\" srcset=\"https:\/\/cite-papier-rives.org\/wp-content\/uploads\/2026\/02\/qrcode-150x150.png 150w, https:\/\/cite-papier-rives.org\/wp-content\/uploads\/2026\/02\/qrcode-300x300.png 300w, https:\/\/cite-papier-rives.org\/wp-content\/uploads\/2026\/02\/qrcode.png 600w\" sizes=\"(max-width: 150px) 100vw, 150px\" \/>\t\t\t\t\t\t\t\t\t\t\t\t\t\t\t<\/div>\n\t\t\t\t\t<\/div>\n\t\t\t\t<\/div>\n\t\t\t\t<\/div>\n\t\t","protected":false},"excerpt":{"rendered":"<p>En rejoignant notre association, vous soutenez son projet conform\u00e9ment \u00e0 son objet social :&#8211; Valoriser et transmettre l\u2019Histoire de l\u2019activit\u00e9 industrielle du papier, du carton, du livre, de l&rsquo;imprimerie jusqu&rsquo;\u00e0 l&rsquo;IA&#8211; Cr\u00e9er et g\u00e9rer en lien avec la municipalit\u00e9 de Rives et d&rsquo;autres collectivit\u00e9s, un mus\u00e9e du papier, carton, livre, imprimerie jusqu&rsquo;\u00e0 l&rsquo;IA Vous pouvez-vous, [&hellip;]<\/p>\n","protected":false},"author":1,"featured_media":0,"parent":0,"menu_order":0,"comment_status":"closed","ping_status":"closed","template":"","meta":{"footnotes":""},"class_list":["post-433","page","type-page","status-publish","hentry"],"_links":{"self":[{"href":"https:\/\/cite-papier-rives.org\/index.php\/wp-json\/wp\/v2\/pages\/433","targetHints":{"allow":["GET"]}}],"collection":[{"href":"https:\/\/cite-papier-rives.org\/index.php\/wp-json\/wp\/v2\/pages"}],"about":[{"href":"https:\/\/cite-papier-rives.org\/index.php\/wp-json\/wp\/v2\/types\/page"}],"author":[{"embeddable":true,"href":"https:\/\/cite-papier-rives.org\/index.php\/wp-json\/wp\/v2\/users\/1"}],"replies":[{"embeddable":true,"href":"https:\/\/cite-papier-rives.org\/index.php\/wp-json\/wp\/v2\/comments?post=433"}],"version-history":[{"count":10,"href":"https:\/\/cite-papier-rives.org\/index.php\/wp-json\/wp\/v2\/pages\/433\/revisions"}],"predecessor-version":[{"id":447,"href":"https:\/\/cite-papier-rives.org\/index.php\/wp-json\/wp\/v2\/pages\/433\/revisions\/447"}],"wp:attachment":[{"href":"https:\/\/cite-papier-rives.org\/index.php\/wp-json\/wp\/v2\/media?parent=433"}],"curies":[{"name":"wp","href":"https:\/\/api.w.org\/{rel}","templated":true}]}}